 z(m) = -m**3 - 11*m**2 - 3*m + 24. Let a be z(t). Calculate the highest common divisor of 3 and a.
3
Let w = -4007 - -4517. What is the greatest common divisor of w and 1190?
170
Let t = -15963 - -18111. What is the greatest common factor of 36 and t?
12
Suppose -8 = -7*f + 286. Let n be ((-31)/(-2) - -1)*(-3 + 21 + -4). Calculate the greatest common factor of n and f.
21
Let y(d) = 12*d - 46. Let q be y(4). Let z = -36 + 41. Suppose 0 = -p - z*p + 96. Calculate the highest common divisor of p and q.
2
Suppose -4*g = -89 + 9. Let j be (-5)/(-4)*952/(-17). Let x be (-240)/(-14)*j/(-15). Calculate the greatest common factor of x and g.
20
Let z = -32195 + 32264. Suppose 0 = -a - 27 + 211. What is the highest common factor of z and a?
23
Let o = -34 + 3674. What is the highest common factor of o and 30?
10
Suppose 4*i + 8*n - 8539 = 3*n, -4*n - 4276 = -2*i. What is the greatest common factor of 36 and i?
12
Let p = -2317 - -2677. Calculate the greatest common divisor of p and 936.
72
Suppose -5*g + 2*g + 234 = 0. Let m = -9133 - -9163. What is the highest common divisor of g and m?
6
Let q(a) = -110*a - 180. Let c be q(-6). Suppose 0 = 2*d + 420 - c. What is the greatest common factor of d and 50?
10
Let t be (-90)/(-4*((-9)/6)/(-3)). Suppose -18*k + t = -45. What is the greatest common divisor of k and 65?
5
Suppose 20*s + 3105 = -1235. Let z = 235 + s. Calculate the greatest common factor of 18 and z.
18
Let p be (-2)/8 - (-5 + (-250)/8). Suppose 3*s + 115 = 5*z, 3*s = -z + s + p. Let i = 0 - -13. What is the greatest common factor of z and i?
13
Let q = 59 + -63. Let s be (-5 + (-1 - q))*-46. Suppose 0 = 4*g + g - 115. What is the greatest common divisor of s and g?
23
Suppose -12*v + 11*v = -4*r + 35, -5*r = 5*v - 75. Suppose -2*p - p = -t - 274, 8 = -2*t. What is the greatest common factor of r and p?
10
Let q(u) be the first derivative of 4*u**3/3 - u**2 - 4*u + 136. Let d be q(-10). What is the greatest common divisor of 32 and d?
32
Suppose 0 = -3*g - 4*g + 3129. Let x = g - 319. Let r = 29 - 13. What is the greatest common divisor of x and r?
16
Let s = 6766 + -6737. What is the highest common factor of 29 and s?
29
Let s be 14 + -11 - (212 + -1) - -3. Let i be -6 + -1 - (0 + s). What is the greatest common factor of 36 and i?
18
Let p = 139792 - 139771. Let x = -11 + 26. What is the greatest common factor of p and x?
3
Let c be 54625/950*4/23. Let f = -1 + 36. Calculate the highest common divisor of f and c.
5
Suppose -5*t - 11018 = -o, 4*o + 97*t = 93*t + 44096. What is the highest common divisor of o and 151?
151
Suppose 0 = -2*h - 4*l + 52, -65 = -2*h - 2*l - 27. What is the greatest common factor of 26484 and h?
12
Let w = -144708 - -144750. Let v(p) = p**2 + 2*p + 2*p**2 + 3 - p**2. Let y be v(-6). Calculate the greatest common divisor of w and y.
21
Let f = 11111 - 7623. Calculate the highest common factor of 32 and f.
32
Suppose 54*b - 60 = 49*b + 60. What is the highest common factor of b and 632?
8
Suppose -709 = -4*l + u, 5*l = -4*u + 639 + 263. What is the greatest common factor of 16 and l?
2
Suppose -b + 18 + 88 = 3*z, -3*b = 3*z - 96. Suppose 3*g - z = -1. Calculate the greatest common divisor of g and 6.
6
Let p(q) = -q**2 - 11*q + 10. Let z be p(-11). Let r(i) = -2*i**3 + 20*i**2 + i + 14. Let d be r(z). What is the greatest common factor of d and 216?
24
Suppose 0*j = 4*j - 46*w + 44*w - 504, 0 = -4*w. What is the highest common factor of j and 5586?
42
Let y = 35 - 40. Let u(k) = -4*k**3 - 4*k**2 + 7*k - 2. Let m be u(y). Let f = m - 210. What is the greatest common factor of 17 and f?
17
Let r be (-25 + 95)*(-15)/(-2). Calculate the highest common divisor of r and 945.
105
Let a = 143 + -138. Suppose 4*x - 3*x = -2*i + 67, -166 = -a*i - 2*x. What is the highest common divisor of 32 and i?
32
Let o = -472503 + 472519. Suppose -161 = -5*v + 159. Calculate the greatest common divisor of o and v.
16
Let t be 19/(-133) + 72/14. Suppose 0 = t*m - 10*m + 40. Suppose 3*q - 5*d = 31, -5*d + 16 = 2*q - 13. What is the greatest common divisor of m and q?
4
Let w(z) = z**2 - 22*z + 33. Suppose -2*i = 3*f - 74 + 5, -4*f + 87 = i. Let r be w(f). What is the highest common divisor of r and 96?
12
Let r be 6 + ((-84)/9)/(12/(-9)). Let i be (1/(4/10))/(r/26). What is the greatest common divisor of i and 8?
1
Suppose 11 = -3*b - 7. Let d be (-4*2)/(b/147). Let x = 14 + 14. Calculate the greatest common divisor of d and x.
28
Let v = -210 - -425. Let t be (-4)/(-10) + 96/10 + -5. What is the highest common factor of t and v?
5
Let j(i) = 65*i + 3. Let l(q) = -34*q. Let y(k) = -3*j(k) - 7*l(k). Let w be (-2)/4*(-2 + -2). Let v be y(w). What is the greatest common factor of 11 and v?
11
Suppose 4*h - 323 = -t, -4*h = -28*t + 24*t + 1272. Calculate the greatest common divisor of 145 and t.
29
Suppose 0 = -92*n + 83*n - 9. Let w(s) = 29*s + 46. Let h be w(n). What is the highest common divisor of 1 and h?
1
Let k(r) be the third derivative of -r**5/60 - r**4/8 + 3*r**3 + 21*r**2. Let x be k(3). Suppose 5*a + x = 110. What is the highest common factor of 110 and a?
22
Suppose 29*k = 13171 + 10100 - 3319. What is the highest common divisor of 48 and k?
16
Let i = -28 + 98. Suppose 17*v - 7646 = 1874. What is the greatest common factor of i and v?
70
Let r(o) = 2*o - 1. Let i(x) = -x**2 - 16*x - 37. Let p be i(-9). Let m = p - 23. Let n be r(m). Calculate the greatest common divisor of n and 15.
5
Suppose 155931 - 49325 = 74*h - 94896. What is the greatest common divisor of 7 and h?
7
Let g = 2597 - 1793. Calculate the highest common divisor of g and 924.
12
Let c = 519 - -7. Let h = 822 - c. Suppose 0 = -4*f - 5*a + a + h, 0 = -3*f - a + 228. What is the greatest common factor of 7 and f?
7
Suppose 6311*r - 252 = 6309*r. Let z be 0 + (2 + 0)*3. Suppose -5*f + z + 84 = 0. What is the highest common factor of r and f?
18
Suppose -2*v + 81 = v. Suppose d - 16776*k + 16787*k - 404 = 0, -2*k - 469 = -d. What is the greatest common factor of d and v?
27
Let z = 212 - 210. Suppose -4*g + 46*s = 51*s + 5, -z*g = s - 5. Calculate the greatest common factor of g and 8.
1
Suppose b - 6*b - 20 = 0. Let l(o) = -o**2 - 2*o + 14. Let t be l(b). Let x be -5*((-54)/15)/t. Calculate the highest common factor of 27 and x.
3
Let u = 2 + 1. Suppose 36 = u*y - f, -4*f = -2*y + 5 + 19. Suppose v + 2*o = -o - 36, 65 = -5*o - 0. Calculate the greatest common factor of v and y.
3
Let v = -5 + 6. Let k be (-7)/14*2*48/v. Let x = 64 + k. Calculate the greatest common factor of 144 and x.
16
Suppose 3*b = 4*q - 3*q - 2, -4 = q. Let o be (-30)/(-6) + 2/b*-5. Calculate the highest common factor of 4 and o.
2
Suppose 4*z + 3*x = -2*x + 41, -4*z = 4*x - 44. Let c be 85219/426095 - (-1 + 0 + -1)/((-20)/(-2798)). Calculate the greatest common factor of z and c.
14
Let i be (-2 - -1)/((-5)/15). Suppose 20*g - 2*c = 23*g + 5, i*g - 5*c = 23. What is the highest common factor of 1 and g?
1
Let z = -183499 - -183517. Let x(d) = 3*d**3 + 2*d**2 - 1. Let s be x(1). Let y be (54/4)/(s/8). Calculate the highest common factor of y and z.
9
Suppose 5*q + 3*b - 1003 = 0, -6*b + 802 = 4*q - 4*b. What is the greatest common divisor of q and 1550?
50
Let t be 18 + (-1 - 15) - -2560. Calculate the greatest common divisor of t and 63.
21
Let c = 73 - -55. Suppose 3136 = 34*j - c. What is the greatest common divisor of j and 42?
6
Let m(k) = -2*k**3 - 7*k**2 - 27*k - 72. Let r be m(-4). Calculate the highest common divisor of 8814 and r.
26
Let m be (26 + 485)/((-10)/(-26)) - 30/50. What is the highest common factor of 415 and m?
83
Let j(b) = -9*b + 81. Let d be j(9). Suppose d = -24*u + 23*u + 6. Let p be 1/1 + (1 - -46). Calculate the greatest common factor of p and u.
6
Let s be (16/10)/(3 - (-258)/(-90)). Let j be ((189/s)/(-3) + 4)*-20. Calculate the highest common factor of j and 50.
25
Let i = 2746 - 1959. Let u = i + -637. What is the highest common divisor of 400 and u?
50
Let a(o) = 26*o - 768. Let i be a(30). Suppose 0 = w, -2*w + 48 = 6*k - 2*k. Calculate the greatest common divisor of i and k.
12
Let z be (-10)/((-4)/(-96)*-3). Suppose -5 - 15 = -2*i. Let n = i - -10. What is the greatest common factor of n and z?
20
Let m be 14*46 - (83 - 79). Calculate the greatest common